{"id":8152,"date":"2018-08-30T12:36:53","date_gmt":"2018-08-30T15:36:53","guid":{"rendered":"https:\/\/dges-cba.infd.edu.ar\/sitio\/administrativos-generales\/"},"modified":"2021-05-13T21:08:44","modified_gmt":"2021-05-14T00:08:44","slug":"administrativos-generales","status":"publish","type":"page","link":"https:\/\/dges-cba.infd.edu.ar\/sitio\/administrativos-generales\/","title":{"rendered":"Administrativos Generales"},"content":{"rendered":"<table border=\"0\">\n<tbody>\n<tr>\n<td>\n<p style=\"text-align: center;\"><img decoding=\"async\" title=\"OTRO ICONO WORD\" src=\"https:\/\/dges-cba.infd.edu.ar\/sitio\/wp-content\/uploads\/2018\/08\/icono_word.gif\" alt=\"OTRO ICONO WORD\" border=\"0\" \/><\/p>\n<\/td>\n<td style=\"text-align: justify;\"><span style=\"font-size: 10pt; line-height: 115%; font-family: arial,helvetica,sans-serif;\"><a href=\"https:\/\/dges-cba.infd.edu.ar\/sitio\/wp-content\/uploads\/2021\/05\/Convenio_Practica_Docente_2021.docx\"><strong>Convenio Pr\u00e1ctica Docente 2021<\/strong><\/a><\/span><\/td>\n<\/tr>\n<\/tbody>\n<\/table>\n<p><span style=\"font-family: arial,helvetica,sans-serif; font-size: 10pt;\"><strong>Reubicaci\u00f3n 2012<\/strong><\/span><\/p>\n<table border=\"0\">\n<tbody>\n<tr>\n<td>\n<p style=\"text-align: center;\"><img decoding=\"async\" title=\"OTRO ICONO WORD\" src=\"https:\/\/dges-cba.infd.edu.ar\/sitio\/wp-content\/uploads\/2018\/08\/icono_word.gif\" alt=\"OTRO ICONO WORD\" border=\"0\" \/><\/p>\n<\/td>\n<td style=\"text-align: justify;\"><span style=\"font-size: 10pt; line-height: 115%; font-family: arial,helvetica,sans-serif;\"><a title=\"upload\/REUBICACION_2010.doc\" href=\"upload\/REUBICACION_2010.doc\"><strong>Instructivo para la Reubicaci\u00f3n 2010<\/strong><\/a><\/span><\/td>\n<\/tr>\n<tr>\n<td>\n<p style=\"text-align: center;\"><img decoding=\"async\" title=\"Icono pdf\" src=\"https:\/\/dges-cba.infd.edu.ar\/sitio\/wp-content\/uploads\/2018\/08\/icono_pdf.gif\" alt=\"Icono pdf\" border=\"0\" \/><\/p>\n<\/td>\n<td style=\"text-align: justify;\"><a title=\"Instructivo de Reubicaci\u00f3n 2011\" href=\"upload\/Instructivo_Reubicacion_2011.pdf\" target=\"_blank\" rel=\"noopener\"><span style=\"font-size: 10pt; line-height: 115%; font-family: arial,helvetica,sans-serif;\"><strong>Instructivo para la Reubicaci\u00f3n 2011<\/strong><\/span><\/a><\/td>\n<\/tr>\n<tr>\n<td>\n<p style=\"text-align: center;\"><img decoding=\"async\" loading=\"lazy\" title=\"\u00edcono Excel\" src=\"https:\/\/dges-cba.infd.edu.ar\/sitio\/wp-content\/uploads\/2018\/08\/logo_EXCEL.jpg\" alt=\"\u00edcono Excel\" width=\"45\" height=\"32\" border=\"0\" \/><\/p>\n<\/td>\n<td style=\"text-align: justify;\"><span style=\"font-size: 10pt; line-height: 115%; font-family: arial,helvetica,sans-serif;\"><a title=\"Formulario B 2012\" href=\"upload\/Formulario_B_2012.xls\" target=\"_blank\" rel=\"noopener\"><strong>Formulario B 2012<\/strong><\/a><\/span><\/td>\n<\/tr>\n<tr>\n<td>\n<p style=\"text-align: center;\"><img decoding=\"async\" loading=\"lazy\" title=\"\u00edcono Excel\" src=\"https:\/\/dges-cba.infd.edu.ar\/sitio\/wp-content\/uploads\/2018\/08\/logo_EXCEL.jpg\" alt=\"\u00edcono Excel\" width=\"45\" height=\"32\" border=\"0\" \/><\/p>\n<\/td>\n<td style=\"text-align: justify;\"><span style=\"font-size: 10pt; line-height: 115%; font-family: arial,helvetica,sans-serif;\"><a title=\"FORMULARIOS C 2012\" href=\"upload\/FORMULARIOS_C_2012.xls\" target=\"_blank\" rel=\"noopener\"><strong>Formulario C 2012<\/strong><\/a><\/span><\/td>\n<\/tr>\n<tr>\n<td>\n<p style=\"text-align: center;\"><img decoding=\"async\" loading=\"lazy\" title=\"\u00edcono Excel\" src=\"https:\/\/dges-cba.infd.edu.ar\/sitio\/wp-content\/uploads\/2018\/08\/logo_EXCEL.jpg\" alt=\"\u00edcono Excel\" width=\"45\" height=\"32\" border=\"0\" \/><\/p>\n<\/td>\n<td style=\"text-align: justify;\"><span style=\"font-size: 10pt; line-height: 115%; font-family: arial,helvetica,sans-serif;\"><a title=\"FORMULARIOS D HORAS CAT VACANTES 2012\" href=\"upload\/FORMULARIOS_D_HORAS_CaT_VACANTES_2012.xls\" target=\"_blank\" rel=\"noopener\"><strong>Formulario D Horas C\u00e1tedras Vacantes 2012<\/strong><\/a><\/span><\/td>\n<\/tr>\n<tr>\n<td>\n<p style=\"text-align: center;\"><img decoding=\"async\" title=\"Icono pdf\" src=\"https:\/\/dges-cba.infd.edu.ar\/sitio\/wp-content\/uploads\/2018\/08\/icono_pdf.gif\" alt=\"Icono pdf\" border=\"0\" \/><\/p>\n<\/td>\n<td style=\"text-align: justify;\"><a title=\"REUBICACI\u00d3N 2012 INSTRUCTIVO GENERAL\" href=\"upload\/REUBICACIoN_2012_INSTRUCTIVO_GENERAL.pdf\" target=\"_blank\" rel=\"noopener\"><span style=\"font-size: 10pt; line-height: 115%; font-family: arial,helvetica,sans-serif;\"><strong>Reubicaci\u00f3n 2012 &#8211; Instructivo General<\/strong><\/span><\/a><\/td>\n<\/tr>\n<tr>\n<td>\n<p style=\"text-align: center;\"><img decoding=\"async\" title=\"Icono pdf\" src=\"https:\/\/dges-cba.infd.edu.ar\/sitio\/wp-content\/uploads\/2018\/08\/icono_pdf.gif\" alt=\"Icono pdf\" border=\"0\" \/><\/p>\n<\/td>\n<td style=\"text-align: justify;\"><a title=\"INSTRUCTIVO ADMINISTRATIVO PRIMERA PARTE 2012\" href=\"upload\/INSTRUCTIVO_ADMINISTRATIVO_PRIMERA_PARTE_2012.pdf\" target=\"_blank\" rel=\"noopener\"><span style=\"font-size: 10pt; line-height: 115%; font-family: arial,helvetica,sans-serif;\"><strong>Instructivo Administrativo Primera Parte 2012<\/strong><\/span><\/a><\/td>\n<\/tr>\n<\/tbody>\n<\/table>\n<p><span style=\"font-family: arial,helvetica,sans-serif; font-size: 10pt;\"><strong>Reubicaci\u00f3n 2013<\/strong><\/span><\/p>\n<table>\n<tbody>\n<tr>\n<td>\n<p style=\"text-align: center;\"><img decoding=\"async\" loading=\"lazy\" title=\"\u00edcono Excel\" src=\"https:\/\/dges-cba.infd.edu.ar\/sitio\/wp-content\/uploads\/2018\/08\/logo_EXCEL.jpg\" alt=\"\u00edcono Excel\" width=\"45\" height=\"32\" border=\"0\" \/><\/p>\n<\/td>\n<td style=\"text-align: justify;\"><span style=\"font-size: 10pt; line-height: 115%; font-family: arial,helvetica,sans-serif;\"><a title=\"Formulario A - Reubicaci\u00f3n 2013\" href=\"upload\/Formulario%20A%202013.xls\" target=\"_blank\" rel=\"noopener\"><strong>Formulario A 2013<\/strong><\/a><\/span><\/td>\n<\/tr>\n<tr>\n<td>\n<p style=\"text-align: center;\"><img decoding=\"async\" loading=\"lazy\" title=\"\u00edcono Excel\" src=\"https:\/\/dges-cba.infd.edu.ar\/sitio\/wp-content\/uploads\/2018\/08\/logo_EXCEL.jpg\" alt=\"\u00edcono Excel\" width=\"45\" height=\"32\" border=\"0\" \/><\/p>\n<\/td>\n<td style=\"text-align: justify;\"><span style=\"font-size: 10pt; line-height: 115%; font-family: arial,helvetica,sans-serif;\"><a title=\"Formulario B y C - Reubicaci\u00f3n 2013\" href=\"upload\/FORMULARIOS%20B%20y%20C%202013.xls\" target=\"_blank\" rel=\"noopener\"><strong>Formulario B y C 2013<\/strong><\/a><\/span><\/td>\n<\/tr>\n<tr>\n<td>\n<p style=\"text-align: center;\"><img decoding=\"async\" title=\"OTRO ICONO WORD\" src=\"https:\/\/dges-cba.infd.edu.ar\/sitio\/wp-content\/uploads\/2018\/08\/icono_word.gif\" alt=\"OTRO ICONO WORD\" border=\"0\" \/><\/p>\n<\/td>\n<td style=\"text-align: justify;\"><span style=\"font-size: 10pt; line-height: 115%; font-family: arial,helvetica,sans-serif;\"><a title=\"Planilla Agentes que quedan en Disponibilidad - Reubicaci\u00f3n 2013\" href=\"upload\/PLANILLA%20AGENTES%20QUE%20QUEDAN%20EN%20DISPONIBILIDAD.doc\" target=\"_blank\" rel=\"noopener\"><strong>Planilla Agentes que Quedan en Disponibilidad<\/strong><\/a><\/span><\/td>\n<\/tr>\n<tr>\n<td>\n<p style=\"text-align: center;\"><img decoding=\"async\" title=\"OTRO ICONO WORD\" src=\"https:\/\/dges-cba.infd.edu.ar\/sitio\/wp-content\/uploads\/2018\/08\/icono_word.gif\" alt=\"OTRO ICONO WORD\" border=\"0\" \/><\/p>\n<\/td>\n<td style=\"text-align: justify;\"><span style=\"font-size: 10pt; line-height: 115%; font-family: arial,helvetica,sans-serif;\"><a title=\"Planilla Agentes que estan en Disponibilidad - Reubicaci\u00f3n 2013\" href=\"upload\/PLANILLA%20AGENTES%20QUE%20SE%20ENCUENTRAN%20EN%20DISPONIBILIDAD%20Y.doc\" target=\"_blank\" rel=\"noopener\"><strong>Planilla Agentes que se encuentran en Disponibilidad<\/strong><\/a><\/span><\/td>\n<\/tr>\n<tr>\n<td>\n<p style=\"text-align: center;\"><img decoding=\"async\" title=\"OTRO ICONO WORD\" src=\"https:\/\/dges-cba.infd.edu.ar\/sitio\/wp-content\/uploads\/2018\/08\/icono_word.gif\" alt=\"OTRO ICONO WORD\" border=\"0\" \/><\/p>\n<\/td>\n<td style=\"text-align: justify;\"><span style=\"font-size: 10pt; line-height: 115%; font-family: arial,helvetica,sans-serif;\"><a title=\"Planilla MAB - Reubicaci\u00f3n 2013\" href=\"upload\/Planilla%20mab.doc\" target=\"_blank\" rel=\"noopener\"><strong>Planilla MAB<\/strong><\/a><\/span><\/td>\n<\/tr>\n<tr>\n<td>\n<p style=\"text-align: center;\"><img decoding=\"async\" title=\"Icono pdf\" src=\"https:\/\/dges-cba.infd.edu.ar\/sitio\/wp-content\/uploads\/2018\/08\/icono_pdf.gif\" alt=\"Icono pdf\" border=\"0\" \/><\/p>\n<\/td>\n<td style=\"text-align: justify;\"><a title=\"Instructivo MAB - Reubicaci\u00f3n 2013\" href=\"upload\/Instructivo%202013%20MAB.pdf\" target=\"_blank\" rel=\"noopener\"><span style=\"font-size: 10pt; line-height: 115%; font-family: arial,helvetica,sans-serif;\"><strong>Instructivo MAB para la Reubicaci\u00f3n 2013<\/strong><\/span><\/a><\/td>\n<\/tr>\n<tr>\n<td>\n<p style=\"text-align: center;\"><img decoding=\"async\" title=\"Icono pdf\" src=\"https:\/\/dges-cba.infd.edu.ar\/sitio\/wp-content\/uploads\/2018\/08\/icono_pdf.gif\" alt=\"Icono pdf\" border=\"0\" \/><\/p>\n<\/td>\n<td style=\"text-align: justify;\"><a title=\"Instructivo Planillas A, B y C - Reubicaci\u00f3n 2013\" href=\"upload\/Instructivo%202013%20PLANILLAS%20%20A,%20B%20y%20C.pdf\" target=\"_blank\" rel=\"noopener\"><span style=\"font-size: 10pt; line-height: 115%; font-family: arial,helvetica,sans-serif;\"><strong>Instructivo Planillas A, B y C para la Reubicaci\u00f3n 2013<\/strong><\/span><\/a><\/td>\n<\/tr>\n<\/tbody>\n<\/table>\n","protected":false},"excerpt":{"rendered":"<p>Convenio Pr\u00e1ctica Docente 2021 Reubicaci\u00f3n 2012 Instructivo para la Reubicaci\u00f3n 2010 Instructivo para la Reubicaci\u00f3n 2011 Formulario B 2012 Formulario C 2012 Formulario D Horas C\u00e1tedras Vacantes 2012 Reubicaci\u00f3n 2012 &#8211; Instructivo General Instructivo Administrativo Primera Parte 2012 Reubicaci\u00f3n 2013 Formulario A 2013 Formulario B y C 2013 Planilla Agentes que Quedan en Disponibilidad Planilla &#8230; <a title=\"Administrativos Generales\" class=\"read-more\" href=\"https:\/\/dges-cba.infd.edu.ar\/sitio\/administrativos-generales\/\" aria-label=\"More on Administrativos Generales\">[+]<\/a><\/p>\n","protected":false},"author":17224,"featured_media":0,"parent":0,"menu_order":0,"comment_status":"closed","ping_status":"closed","template":"","meta":[],"acf":[],"_links":{"self":[{"href":"https:\/\/dges-cba.infd.edu.ar\/sitio\/wp-json\/wp\/v2\/pages\/8152"}],"collection":[{"href":"https:\/\/dges-cba.infd.edu.ar\/sitio\/wp-json\/wp\/v2\/pages"}],"about":[{"href":"https:\/\/dges-cba.infd.edu.ar\/sitio\/wp-json\/wp\/v2\/types\/page"}],"author":[{"embeddable":true,"href":"https:\/\/dges-cba.infd.edu.ar\/sitio\/wp-json\/wp\/v2\/users\/17224"}],"replies":[{"embeddable":true,"href":"https:\/\/dges-cba.infd.edu.ar\/sitio\/wp-json\/wp\/v2\/comments?post=8152"}],"version-history":[{"count":4,"href":"https:\/\/dges-cba.infd.edu.ar\/sitio\/wp-json\/wp\/v2\/pages\/8152\/revisions"}],"predecessor-version":[{"id":8718,"href":"https:\/\/dges-cba.infd.edu.ar\/sitio\/wp-json\/wp\/v2\/pages\/8152\/revisions\/8718"}],"wp:attachment":[{"href":"https:\/\/dges-cba.infd.edu.ar\/sitio\/wp-json\/wp\/v2\/media?parent=8152"}],"curies":[{"name":"wp","href":"https:\/\/api.w.org\/{rel}","templated":true}]}}